remainder when 10 is divided by 1?
0
What is the remainder when 2033 is divided by 2033?
0
Calculate the remainder when 159 is divided by 55.
49
Calculate the remainder when 117418 is divided by 114.
112
Calculate the remainder when 882 is divided by 22.
2
What is the remainder when 148 is divided by 6?
4
What is the remainder when 2448 is divided by 78?
30
Calculate the remainder when 328 is divided by 48.
40
Calculate the remainder when 5878 is divided by 20.
18
Calculate the remainder when 734 is divided by 23.
21
Calculate the remainder when 104 is divided by 53.
51
What is the remainder when 2812 is divided by 23?
6
Calculate the remainder when 590 is divided by 192.
14
What is the remainder when 2077 is divided by 27?
25
Calculate the remainder when 2211 is divided by 54.
51
Calculate the remainder when 189 is divided by 189.
0
What is the remainder when 232 is divided by 105?
22
What is the remainder when 247 is divided by 26?
13
Calculate the remainder when 286 is divided by 36.
34
What is the remainder when 553 is divided by 40?
33
What is the remainder when 118 is divided by 21?
13
What is the remainder when 209 is divided by 35?
34
Calculate the remainder when 101 is divided by 7.
3
Calculate the remainder when 1418 is divided by 180.
158
Calculate the remainder when 1314 is divided by 66.
60
What is the remainder when 169 is divided by 70?
29
What is the remainder when 918 is divided by 57?
6
Calculate the remainder when 143 is divided by 10.
3
Calculate the remainder when 131 is divided by 32.
3
What is the remainder when 350 is divided by 32?
30
Calculate the remainder when 662 is divided by 159.
26
What is the remainder when 100 is divided by 67?
33
Calculate the remainder when 872 is divided by 12.
8
Calculate the remainder when 469 is divided by 59.
56
What is the remainder when 451 is divided by 133?
52
Calculate the remainder when 3767 is divided by 6.
5
What is the remainder when 297 is divided by 60?
57
Calculate the remainder when 243 is divided by 41.
38
Calculate the remainder when 520 is divided by 33.
25
What is the remainder when 548 is divided by 9?
8
What is the remainder when 1256 is divided by 68?
32
What is the remainder when 4712 is divided by 55?
37
What is the remainder when 152 is divided by 39?
35
What is the remainder when 3335 is divided by 53?
49
Calculate the remainder when 183 is divided by 48.
39
Calculate the remainder when 1801 is divided by 600.
1
What is the remainder when 4072 is divided by 14?
12
Calculate the remainder when 445 is divided by 56.
53
What is the remainder when 69 is divided by 29?
11
What is the remainder when 318 is divided by 156?
6
What is the remainder when 20 is divided by 6?
2
What is the remainder when 23 is divided by 4?
3
Calculate the remainder when 956 is divided by 105.
11
Calculate the remainder when 4821 is divided by 9.
6
Calculate the remainder when 203 is divided by 31.
17
Calculate the remainder when 7146 is divided by 7.
6
What is the remainder when 67 is divided by 33?
1
What is the remainder when 1775 is divided by 7?
4
What is the remainder when 52 is divided by 47?
5
What is the remainder when 552 is divided by 26?
6
What is the remainder when 333 is divided by 70?
53
Calculate the remainder when 4756 is divided by 20.
16
What is the remainder when 67 is divided by 24?
19
Calculate the remainder when 829 is divided by 45.
19
What is the remainder when 779 is divided by 192?
11
What is the remainder when 9335 is divided by 20?
15
What is the remainder when 124 is divided by 63?
61
Calculate the remainder when 28 is divided by 19.
9
Calculate the remainder when 266 is divided by 165.
101
What is the remainder when 7136 is divided by 11?
8
What is the remainder when 773 is divided by 48?
5
What is the remainder when 1526 is divided by 72?
14
What is the remainder when 5147 is divided by 117?
116
What is the remainder when 2462 is divided by 2442?
20
Calculate the remainder when 111 is divided by 41.
29
What is the remainder when 282 is divided by 83?
33
What is the remainder when 2726 is divided by 91?
87
Calculate the remainder when 144 is divided by 30.
24
Calculate the remainder when 147 is divided by 43.
18
Calculate the remainder when 219 is divided by 37.
34
What is the remainder when 422 is divided by 207?
8
Calculate the remainder when 1027 is divided by 59.
24
Calculate the remainder when 167 is divided by 31.
12
Calculate the remainder when 78 is divided by 14.
8
What is the remainder when 1459 is divided by 13?
3
Calculate the remainder when 3033 is divided by 179.
169
Calculate the remainder when 2025 is divided by 127.
120
Calculate the remainder when 211 is divided by 57.
40
What is the remainder when 45 is divided by 35?
10
What is the remainder when 4430 is divided by 12?
2
What is the remainder when 48 is divided by 45?
3
Calculate the remainder when 7874 is divided by 37.
30
Calculate the remainder when 4760 is divided by 22.
8
What is the remainder when 829 is divided by 203?
17
What is the remainder when 337 is divided by 17?
14
What is the remainder when 2246 is divided by 13?
10
Calculate the remainder when 2526 is divided by 45.
6
What is the remainder when 10414 is divided by 217?
215
Calculate the remainder when 1231 is divided by 56.
55
Calculate the remainder when 1137 is divided by 38.
35
Calculate the remainder when 272 is divided by 92.
88
Calculate the remainder when 121 is divided by 68.
53
Calculate the remainder when 273 is divided by 6.
3
What is the remainder when 1199 is divided by 385?
44
Calculate the remainder when 3733 is divided by 19.
9
What is the remainder when 489 is divided by 71?
63
Calculate the remainder when 557 is divided by 108.
17
Calculate the remainder when 1491 is divided by 18.
15
Calculate the remainder when 701 is divided by 13.
12
Calculate the remainder when 20 is divided by 19.
1
What is the remainder when 48 is divided by 29?
19
What is the remainder when 707 is divided by 12?
11
Calculate the remainder when 1396 is divided by 232.
4
Calculate the remainder when 77 is divided by 31.
15
Calculate the remainder when 1134 is divided by 280.
14
Calculate the remainder when 181 is divided by 8.
5
What is the remainder when 177 is divided by 39?
21
What is the remainder when 10094 is divided by 18?
14
Calculate the remainder when 27102 is divided by 15.
12
Calculate the remainder when 344 is divided by 23.
22
Calculate the remainder when 478 is divided by 41.
27
Calculate the remainder when 635 is divided by 107.
100
What is the remainder when 37 is divided by 6?
1
What is the remainder when 1533 is divided by 64?
61
What is the remainder when 79 is divided by 14?
9
Calculate the remainder when 1257 is divided by 34.
33
Calculate the remainder when 190 is divided by 96.
94
Calculate the remainder when 33 is divided by 23.
10
Calculate the remainder when 2155 is divided by 70.
55
Calculate the remainder when 3220 is divided by 1609.
2
Calculate the remainder when 432 is divided by 31.
29
Calculate the remainder when 8380 is divided by 43.
38
What is the remainder when 24 is divided by 11?
2
Calculate the remainder when 204 is divided by 53.
45
Calculate the remainder when 300 is divided by 16.
12
Calculate the remainder when 19 is divided by 12.
7
Calculate the remainder when 136 is divided by 63.
10
Calculate the remainder when 780 is divided by 44.
32
What is the remainder when 711 is divided by 24?
15
Calculate the remainder when 45 is divided by 31.
14
Calculate the remainder when 407 is divided by 34.
33
What is the remainder when 507 is divided by 32?
27
Calculate the remainder when 407 is divided by 67.
5
What is the remainder when 80 is divided by 26?
2
Calculate the remainder when 665 is divided by 21.
14
What is the remainder when 847 is divided by 122?
115
What is the remainder when 152 is divided by 11?
9
Calculate the remainder when 384 is divided by 162.
60
Calculate the remainder when 3672 is divided by 147.
144
Calculate the remainder when 370 is divided by 94.
88
Calculate the remainder when 1791 is divided by 39.
36
What is the remainder when 493 is divided by 45?
43
What is the remainder when 54 is divided by 29?
25
Calculate the remainder when 61 is divided by 10.
1
What is the r